{"version":"1.0","provider_name":"Made in Zaragoza","provider_url":"http:\/\/madeinzaragoza.es\/blog","author_name":"Elena del Diego","author_url":"http:\/\/madeinzaragoza.es\/blog\/author\/elena-del-diego\/","title":"Cecilia de Val en C\u00f3rner EDUCA - Made in Zaragoza","type":"rich","width":600,"height":338,"html":"<blockquote class=\"wp-embedded-content\" data-secret=\"extw2UeNAQ\"><a href=\"http:\/\/madeinzaragoza.es\/blog\/cecilia-de-val-en-corner-educa\/\">Cecilia de Val en C\u00f3rner EDUCA<\/a><\/blockquote><iframe sandbox=\"allow-scripts\" security=\"restricted\" src=\"http:\/\/madeinzaragoza.es\/blog\/cecilia-de-val-en-corner-educa\/embed\/#?secret=extw2UeNAQ\" width=\"600\" height=\"338\" title=\"\u00abCecilia de Val en C\u00f3rner EDUCA\u00bb \u2014 Made in Zaragoza\" data-secret=\"extw2UeNAQ\" frameborder=\"0\" marginwidth=\"0\" marginheight=\"0\" scrolling=\"no\" class=\"wp-embedded-content\"><\/iframe><script type=\"text\/javascript\">\n\/* <![CDATA[ *\/\n\/*! This file is auto-generated *\/\n!function(d,l){\"use strict\";l.querySelector&&d.addEventListener&&\"undefined\"!=typeof URL&&(d.wp=d.wp||{},d.wp.receiveEmbedMessage||(d.wp.receiveEmbedMessage=function(e){var t=e.data;if((t||t.secret||t.message||t.value)&&!\/[^a-zA-Z0-9]\/.test(t.secret)){for(var s,r,n,a=l.querySelectorAll('iframe[data-secret=\"'+t.secret+'\"]'),o=l.querySelectorAll('blockquote[data-secret=\"'+t.secret+'\"]'),c=new RegExp(\"^https?:$\",\"i\"),i=0;i<o.length;i++)o[i].style.display=\"none\";for(i=0;i<a.length;i++)s=a[i],e.source===s.contentWindow&&(s.removeAttribute(\"style\"),\"height\"===t.message?(1e3<(r=parseInt(t.value,10))?r=1e3:~~r<200&&(r=200),s.height=r):\"link\"===t.message&&(r=new URL(s.getAttribute(\"src\")),n=new URL(t.value),c.test(n.protocol))&&n.host===r.host&&l.activeElement===s&&(d.top.location.href=t.value))}},d.addEventListener(\"message\",d.wp.receiveEmbedMessage,!1),l.addEventListener(\"DOMContentLoaded\",function(){for(var e,t,s=l.querySelectorAll(\"iframe.wp-embedded-content\"),r=0;r<s.length;r++)(t=(e=s[r]).getAttribute(\"data-secret\"))||(t=Math.random().toString(36).substring(2,12),e.src+=\"#?secret=\"+t,e.setAttribute(\"data-secret\",t)),e.contentWindow.postMessage({message:\"ready\",secret:t},\"*\")},!1)))}(window,document);\n\/* ]]> *\/\n<\/script>\n","thumbnail_url":"https:\/\/madeinzaragoza.es\/blog\/wp-content\/uploads\/2016\/06\/cecilia-clavando-alfileres2.jpg","thumbnail_width":655,"thumbnail_height":365,"description":"Ante la pregunta de \u00bfqu\u00e9 opinas del arte contempor\u00e1neo? la respuesta que solemos encontrar es que no se entiende, que es excesivamente herm\u00e9tico y que muchas veces el problema reside en que no reconocemos lo que est\u00e1 representado. Siguiendo esta premisa, es muy f\u00e1cil caer en la tentaci\u00f3n de afirmar que si somos capaces de &hellip; Continuar leyendo \"\""}

Cecilia de Val en Córner EDUCA - Made in Zaragoza

<blockquote class="wp-embedded-content" data-secret="extw2UeNAQ"><a href="http://madeinzaragoza.es/blog/cecilia-de-val-en-corner-educa/">Cecilia de Val en Córner EDUCA</a></blockquote><iframe sandbox="allow-scripts" security="restricted" src="http://madeinzaragoza.es/blog/cecilia-de-val-en-corner-educa/embed/#?secret=extw2UeNAQ" width="600" height="338" title="«Cecilia de Val en Córner EDUCA» — Made in Zaragoza" data-secret="extw2UeNAQ" frameborder="0" marginwidth="0" marginheight="0" scrolling="no" class="wp-embedded-content"></iframe><script type="text/javascript">
/* <![CDATA[ */
/*! This file is auto-generated */
!function(d,l){"use strict";l.querySelector&&d.addEventListener&&"undefined"!=typeof URL&&(d.wp=d.wp||{},d.wp.receiveEmbedMessage||(d.wp.receiveEmbedMessage=function(e){var t=e.data;if((t||t.secret||t.message||t.value)&&!/[^a-zA-Z0-9]/.test(t.secret)){for(var s,r,n,a=l.querySelectorAll('iframe[data-secret="'+t.secret+'"]'),o=l.querySelectorAll('blockquote[data-secret="'+t.secret+'"]'),c=new RegExp("^https?:$","i"),i=0;i<o.length;i++)o[i].style.display="none";for(i=0;i<a.length;i++)s=a[i],e.source===s.contentWindow&&(s.removeAttribute("style"),"height"===t.message?(1e3<(r=parseInt(t.value,10))?r=1e3:~~r<200&&(r=200),s.height=r):"link"===t.message&&(r=new URL(s.getAttribute("src")),n=new URL(t.value),c.test(n.protocol))&&n.host===r.host&&l.activeElement===s&&(d.top.location.href=t.value))}},d.addEventListener("message",d.wp.receiveEmbedMessage,!1),l.addEventListener("DOMContentLoaded",function(){for(var e,t,s=l.querySelectorAll("iframe.wp-embedded-content"),r=0;r<s.length;r++)(t=(e=s[r]).getAttribute("data-secret"))||(t=Math.random().toString(36).substring(2,12),e.src+="#?secret="+t,e.setAttribute("data-secret",t)),e.contentWindow.postMessage({message:"ready",secret:t},"*")},!1)))}(window,document);
/* ]]> */
</script>

Ante la pregunta de ¿qué opinas del arte contemporáneo? la respuesta que solemos encontrar es que no se entiende, que es excesivamente hermético y que muchas veces el problema reside en que no reconocemos lo que está representado. Siguiendo esta premisa, es muy fácil caer en la tentación de afirmar que si somos capaces de &hellip; Continuar leyendo ""
